et s = r + 102. What is the units digit of s?
4
Let s = -60 - 423. Let d = 710 + s. What is the hundreds digit of d?
2
What is the hundreds digit of ((-826)/28 + 15)/(2/(-5196))?
6
Let p(h) = -120*h - 18. Let w be p(-4). Let l = w + -285. Let v = l + 52. What is the tens digit of v?
2
Let p be (-88)/154*14/(-4). Suppose -4*l + 1572 = p*d, d - 3*d = 5*l - 1963. What is the units digit of l?
1
Let f(v) = -v**3 - 13*v**2 - 3*v - 36. Let y be f(-13). Suppose -y*p = w + w - 86, 2*w - 54 = -2*p. What is the units digit of p?
2
Let z(a) = -a + 21. Let b(q) = 6*q - 11. Let c be b(5). Let o be z(c). What is the units digit of 5*(o + (-18)/10)*16?
6
Let h = 95 + -89. Suppose h*u - 1930 = 2*u - 3*c, 0 = -u + 3*c + 475. What is the hundreds digit of u?
4
Suppose -12*t + 3*t + 5913 = 0. Let s = t - -16. What is the units digit of s?
3
Let o = 9811 - 2229. What is the tens digit of o?
8
What is the hundreds digit of 217154/10 - (6/14 - 167/5845)?
7
Let z = -88 + 89. Let r be (-6 + 6)*z/(-4). Suppose -l - 2*l = 2*y - 245, -5*l - y + 420 = r. What is the units digit of l?
5
Suppose 217380 = 4*r - g, -271731 = -5*r - 20*g + 22*g. What is the ten thousands digit of r?
5
Suppose 4*u = -2*l + 16, -37*u + 40*u - 9 = 0. Suppose -v = 2*b - l*v - 929, -5*b = -4*v - 2321. What is the hundreds digit of b?
4
Suppose -303 = -3*p + 5*h + 149, 588 = 4*p - 3*h. Let f = p - 78. What is the units digit of f?
6
Let h(k) = 736*k**2 + 177*k - 738. What is the thousands digit of h(4)?
1
Suppose j + 4*d + 20 = 5*j, -5*d + 11 = 4*j. Suppose -688 = -j*l - 4*l. What is the units digit of l?
6
What is the hundreds digit of (6 + -13 - -12) + (-14290)/(-10)?
4
Let c = 83417 + -49259. What is the ten thousands digit of c?
3
Suppose 2*i = 89 - 93. Let r(y) = 315*y**2 - 9. What is the hundreds digit of r(i)?
2
Suppose -2*o - 3*b + 11 = -2*b, 3*o - 34 = -5*b. Suppose -o*u + p = -p - 25, -2*u + 14 = -2*p. Let g = 97 - u. What is the units digit of g?
6
Suppose -2*q - 111 = 3*k, 3*q = k + 8*q + 50. Let f be (-222)/(-148)*28/(-6). What is the hundreds digit of 10/k + (-779)/f?
1
Suppose -2*s = -k + 4, -3*k - 43 + 51 = -4*s. Suppose -o + 44 + 1 = k. What is the tens digit of o?
4
Let y be 24/60 - 32/5. Let j be (-2)/8 - y/24. Suppose -35*f + 37*f - 318 = j. What is the units digit of f?
9
What is the tens digit of 27264/10*1360/408?
8
Let p = 91087 + -50621. What is the tens digit of p?
6
Let c(u) = u**2 - 29*u + 42. Suppose -3*n + 30 = -4*r, -3 = n + 2*r - 23. Suppose 5*f - 76 = -3*l, 2*l - 70 = 5*f + n. What is the hundreds digit of c(l)?
1
What is the units digit of (13 + (-784)/24)*-969?
7
Let g = -1020 + 455. Let t = g - -708. What is the hundreds digit of t?
1
Let b(z) = z**3 - 15*z**2 + z - 11. Let t be b(15). Suppose -t*n + 9*n = 2570. What is the units digit of n?
4
Let y = -3792 - -3884. What is the tens digit of y?
9
What is the thousands digit of 2/(-14) - ((-595080)/(-63))/(-5)?
1
Let f(d) = 0*d - 22 + 3*d + 5 - 12*d**2 + d**3. Let i = -25671 + 25684. What is the units digit of f(i)?
1
Suppose -2*y - 2*w + 36296 = 0, 4*y + 44256 = w + 116848. What is the tens digit of y?
4
Let j = 6879 - -2149. What is the hundreds digit of j?
0
Let d(k) = 2*k - 1. Let q be d(1). Let o(u) be the third derivative of 73*u**6/120 - u**4/12 + u**3/3 - 9*u**2 - 12. What is the units digit of o(q)?
3
Let l(o) = -4312*o + 1077. What is the units digit of l(-3)?
3
Let v be (1 - 2)/((-2)/2). Suppose -23 = 2*p + 64*h - 69*h, -4*h + 17 = -3*p. What is the tens digit of (p/v)/(3/357)?
1
Suppose 33*x = 27*x + 16560. Suppose x = -7*g + 13*g. What is the hundreds digit of g?
4
Let n = 86 - 78. Let q(k) = 16*k - 2. Let a be q(n). Suppose -5*c + 609 = -a. What is the units digit of c?
7
Suppose -4*q - 1693*r + 1694*r = -390672, 97668 = q + 3*r. What is the hundreds digit of q?
6
Suppose 8*p - 6*x + 10*x - 123544 = 0, 4*x + 16 = 0. What is the thousands digit of p?
5
Let t = 72 - 69. Suppose j - 7 = h, -t*j + 5*h = -0*h - 29. Suppose 97 + 17 = j*n. What is the tens digit of n?
3
Suppose -y + 3965 = 2*c, -4*c + 154*y = 150*y - 7888. What is the tens digit of c?
7
Suppose 5*z = 5*o - 1180, 5*o - 1 = 2*z + 1182. Let a = -41 + o. What is the hundreds digit of a?
1
Let x(q) = 415*q - 908. What is the hundreds digit of x(14)?
9
Let y = -616 - -1585. Suppose 1698 = -968*n + y*n. What is the hundreds digit of n?
6
Suppose 20*k + 362 - 50373 = 110029. What is the hundreds digit of k?
0
Let d = -3450 + 7171. What is the tens digit of d?
2
Suppose 439*b = 445*b - 12. Suppose -3*y - j + 2714 = 0, 3*y - b*j = -1283 + 4000. What is the hundreds digit of y?
9
Let k be 23921/(-95) + (-4)/(-5). Let f be 5/(-25) - (1 - 7203/15). Let p = k + f. What is the hundreds digit of p?
2
Suppose 0*d = 5*v + 4*d - 27, v + 3 = 2*d. Suppose 3*h - 4173 + 567 = -4*l, 1207 = h + v*l. What is the tens digit of h?
9
Suppose 5*y + 5*w = 195975, 0 = -4*y - 4*w + 3*w + 156786. What is the ten thousands digit of y?
3
Let v = -191 + 81. Let b = 830 + v. What is the hundreds digit of b?
7
Let o = 5852 + -3854. What is the thousands digit of o?
1
Let s(b) = -23*b - 180. Let w be s(-8). Suppose -3*t + 1950 = -5*h - 1940, -16 = w*h. What is the units digit of t?
0
Suppose 34 = 12*b - 2. Let s be 4 + -453 + -2 + b. Let d = 708 + s. What is the tens digit of d?
6
Let p = -379 - -379. Suppose t - 952 + 293 = -2*l, -t - 1 = p. What is the units digit of l?
0
Let m = -3738 - -6902. What is the tens digit of m?
6
Let m = 2310 + -2219. What is the units digit of m?
1
What is the hundreds digit of (4 - 0)/(-34 - (-475300)/13979)?
9
Let q(w) = 62*w**3 - w + 3. Let a(j) = -187*j**3 + 3*j - 8. Let f(x) = -3*a(x) - 8*q(x). Let r = 21 - 20. What is the units digit of f(r)?
4
Let a be (-1)/6 + 6259/(-66). Let g = a - -93. Let x(n) = 57*n**2 - 1. What is the tens digit of x(g)?
2
Suppose -10*l - 101 = 529. Let z = -56 - l. Suppose 0 = z*o - 359 - 222. What is the units digit of o?
3
Suppose -58*b + 858496 = -1241336. What is the units digit of b?
4
Let m = -18 - -23. Suppose m = -5*z + 4*j - 3, 0 = -4*z - 3*j + 6. Suppose z = -f - 2*d + 137, 6*f - f + d = 658. What is the hundreds digit of f?
1
Suppose -5*m + 8*m - 69 = 0. Suppose 453 + m = 17*s. What is the tens digit of s?
2
Let a(i) = -i**3 - 7*i**2 - 2*i + 8. Let s be a(-7). Let d(j) = j**2 - 13*j + 39. Let r be d(5). Let y = s + r. What is the tens digit of y?
2
Let u = 105 - 85. Let q(d) = -d**3 + 20*d**2 + 19*d - 10. What is the hundreds digit of q(u)?
3
Suppose 1 + 3 = 2*o. Suppose -10*c + o*c = -1216. Suppose 0 = -j + 5*z + c, 0*j = -j - 4*z + 161. What is the tens digit of j?
5
Let r(u) = 206*u**2 - 184*u - 1230. What is the thousands digit of r(-7)?
0
Suppose -5*p + b = -3, 3*b + 12 = 3. Suppose -4*w - v + 135 = -3*w, p = -4*w + 2*v + 528. What is the units digit of w?
3
Let j(y) = 7444*y + 6608. What is the ten thousands digit of j(3)?
2
Suppose 2*o - 8 = w + 1, 0 = o - 2*w - 12. Suppose 4*v + 20 = o*b, 0*b - 3*v - 15 = 3*b. Suppose b*r = 2*r - 90. What is the tens digit of r?
4
Let j = -150 + 155. Suppose -j*g + 195 = 5*b - 1020, -3*b + 1217 = 5*g. What is the tens digit of g?
4
Suppose -1372*n = -1465*n + 1568910. What is the units digit of n?
0
Let p(g) = 2*g**3 + 16*g + 19. Let m be p(11). Suppose -3*f + 8*f - 3*i = 3567, -i = 4*f - m. What is the hundreds digit of f?
7
Let t(n) be the third derivative of -n**4/6 + 131*n**3/6 + 213*n**2. What is the hundreds digit of t(-12)?
1
Let s(i) = -4911*i**3 - 2*i**2 - 45*i - 44. What is the tens digit of s(-1)?
1
Suppose -4*w = j - 56429, -22*w + j = -18*w - 56427. What is the units digit of w?
7
Suppose 0 = 5*d + 2*l - 23176, 0 = 5*d - 2*l + 5973 - 29157. What is the units digit of d?
6
Suppose 0 = 88*u - 973457 - 651666 + 474787. What is the tens digit of u?
7
Let t = -239 + 242. Suppose 8*a - 3*a - t*r - 1110 = 0, -4*a + 888 = -r. What is the tens digit of a?
2
Suppose -2*s = 0, -s - 1696 = -4*y - 5*s. What is the units digit of y?
4
Let l = 29569 - 8982. What is the hundreds digit of l?
5
What is the hundreds digit of (-45166)/(-22) - (0/5 + -6)?
0
Let v be 0*1*(-4)/8. Suppose 45*z - 47*z + 1058 = v. What is the hundreds digit of z?
5
Let p = 12612 + -5796. What is the units digit of p?
6
Suppose 0 = -3*y - 5*z + z + 1017, 0 = -3*y - z + 1008. Suppose -8*m + 